{"id":298,"date":"2022-01-29T21:15:26","date_gmt":"2022-01-29T20:15:26","guid":{"rendered":"https:\/\/laart.io\/?page_id=298"},"modified":"2025-05-26T15:55:29","modified_gmt":"2025-05-26T13:55:29","slug":"kunstberatung","status":"publish","type":"page","link":"https:\/\/laart.io\/?page_id=298","title":{"rendered":"LA ART Consulting"},"content":{"rendered":"[vc_row][vc_column][vc_column_text]\r\n<p class=\"has-white-color has-text-color\">Unsere Arbeit verbindet sowohl die k\u00fcnstlerische Perspektive (Lalova: publizierte Autorin) als auch die der Kunsthistoriker, Kunstberater und Kunsth\u00e4ndler . Der Fokus unserer T\u00e4tigkeit liegt auf <em>Klassische Moderne<\/em>,\u00a0<em>Contemporary, Young Contemporary, Digital Art, AI Art &amp; NFT<\/em>. Wir folgende Dienste an:<\/p>\r\n\r\n\r\n\r\n<ul class=\"has-text-color wp-block-list\" style=\"color: #0161ee;\">\r\n<li style=\"list-style-type: none;\">\r\n<ul class=\"has-text-color\" style=\"color: #0161ee;\">\r\n<li><a href=\"https:\/\/laart.io\/?page_id=292\">Collection Management<\/a><\/li>\r\n\r\n\r\n\r\n<li><a href=\"https:\/\/laart.io\/?page_id=281\">Artists Relations<\/a><\/li>\r\n\r\n\r\n\r\n<li><a href=\"https:\/\/laart.io\/?page_id=342\">Gallery Consulting<\/a><\/li>\r\n\r\n\r\n\r\n<li><a href=\"https:\/\/laart.io\/?page_id=277\">Press &amp; Art historian Publications<\/a><\/li>\r\n\r\n\r\n\r\n<li><a href=\"https:\/\/laart.io\/?page_id=302\">Art Events &amp; Exhibitions at Partner&#8217;s Locations<\/a><\/li>\r\n\r\n\r\n<\/ul>\r\n<\/li>\r\n<\/ul>\r\n\r\n\r\n\r\n\r\n\r\n\r\n\r\n\r\n\r\n\r\n\r\n\r\n\r\n\r\n\r\n\r\n\r\n\r\n\r\n<p>&nbsp;<\/p>\r\n[\/vc_column_text][\/vc_column][\/vc_row]","protected":false},"excerpt":{"rendered":"<p>[vc_row][vc_column][vc_column_text] Unsere Arbeit verbindet sowohl die k\u00fcnstlerische Perspektive (Lalova: publizierte Autorin) als auch die der Kunsthistoriker, Kunstberater und Kunsth\u00e4ndler . Der Fokus unserer T\u00e4tigkeit liegt auf Klassische Moderne,\u00a0Contemporary, Young Contemporary, Digital Art, AI Art &amp; NFT. Wir folgende Dienste an: &nbsp; [\/vc_column_text][\/vc_column][\/vc_row]<\/p>\n","protected":false},"author":1,"featured_media":0,"parent":0,"menu_order":0,"comment_status":"closed","ping_status":"closed","template":"","meta":{"footnotes":""},"class_list":["post-298","page","type-page","status-publish","hentry"],"_links":{"self":[{"href":"https:\/\/laart.io\/index.php?rest_route=\/wp\/v2\/pages\/298","targetHints":{"allow":["GET"]}}],"collection":[{"href":"https:\/\/laart.io\/index.php?rest_route=\/wp\/v2\/pages"}],"about":[{"href":"https:\/\/laart.io\/index.php?rest_route=\/wp\/v2\/types\/page"}],"author":[{"embeddable":true,"href":"https:\/\/laart.io\/index.php?rest_route=\/wp\/v2\/users\/1"}],"replies":[{"embeddable":true,"href":"https:\/\/laart.io\/index.php?rest_route=%2Fwp%2Fv2%2Fcomments&post=298"}],"version-history":[{"count":20,"href":"https:\/\/laart.io\/index.php?rest_route=\/wp\/v2\/pages\/298\/revisions"}],"predecessor-version":[{"id":890,"href":"https:\/\/laart.io\/index.php?rest_route=\/wp\/v2\/pages\/298\/revisions\/890"}],"wp:attachment":[{"href":"https:\/\/laart.io\/index.php?rest_route=%2Fwp%2Fv2%2Fmedia&parent=298"}],"curies":[{"name":"wp","href":"https:\/\/api.w.org\/{rel}","templated":true}]}}